alse
Let o(p) = 3*p + 14*p + 5 + 2*p. Is o(6) composite?
True
Suppose 0*r + 34 = r. Is r a prime number?
False
Let w = -390 + 730. Let o(p) = -60*p + 1. Let v be o(-3). Suppose 0 = -0*u + 3*u - 4*q - v, w = 5*u + q. Is u a prime number?
True
Let x = -7 + 9. Let d(i) = 18*i**2 - 3*i + 3. Is d(x) a prime number?
False
Suppose 4 = -b - 3*b, -4*t + 1261 = -5*b. Suppose 162 = 4*p - t. Is p composite?
True
Let u(n) = -n + 5*n**2 + 2*n + 3*n + n**3. Let h be u(-4). Suppose h = 2*a - 6*a + 148. Is a prime?
True
Suppose -7 = -2*s - 5*q, -3*q - 1 + 2 = 2*s. Let n be 2/((-2)/s - 0). Is 14/3*78/n a prime number?
False
Suppose 4*y + 2553 = x, 2*x + 3*x - 12660 = -y. Is x composite?
True
Suppose -4 - 101 = 5*g. Let p be 0 + (-3)/(-3) - -87. Let l = p + g. Is l a prime number?
True
Suppose -3*j + 5*s = -1498, -s = -3*j + 3*s + 1493. Is j a prime number?
True
Let i be (3/2)/(6/688). Let m = 165 - 76. Let f = i - m. Is f prime?
True
Let o be 2/(-4)*-2 - -2. Let k = o + 1. Suppose -k*r - r + 241 = 2*j, 0 = 2*r - 4*j - 106. Is r a prime number?
False
Suppose 57 = l - 51. Let u(y) = 15*y**2 + 6*y. Let h be u(-5). Suppose -3*k + h - l = 0. Is k composite?
False
Let q = 3 + -7. Let g be -1*(-3)/6*q. Is (89/2)/(g/(-4)) prime?
True
Let q = 18 + -19. Let r(j) = 292*j**2 + 3*j + 2. Is r(q) a prime number?
False
Suppose 3*w + 1628 = 7*w. Is w composite?
True
Let z(y) = -12*y + 5. Is z(-6) prime?
False
Suppose 3*g + 4*o + 639 = 69, 0 = 3*o. Let b = 313 + g. Is b a composite number?
True
Let a be (-1)/(144/(-142) - -1). Suppose 0 = -5*k + a - 1. Is 2/7 + 290/k prime?
False
Suppose 3*l - 71 = -s - 0*s, 146 = 2*s + 5*l. Is s a composite number?
False
Let g(i) = 96*i**2 + 6*i + 1. Is g(-1) prime?
False
Suppose -425 = -2*j - 4*f + 73, 4*j - 1041 = f. Is j prime?
False
Suppose -z - 679 = -8*z. Is z a composite number?
False
Suppose 16617 = 14*a - 11*a. Is a prime?
False
Let s(c) = -4*c**3 - 5*c**2 - 8*c - 9. Is s(-4) composite?
False
Suppose 140 + 270 = 2*i - 3*s, 3*i - 629 = s. Is i a composite number?
False
Suppose 12*y = 7*y + 165. Is y prime?
False
Let b = -91 - -170. Is b prime?
True
Let a(g) = g**3 + 11*g**2 + 10*g - 8. Let n be a(-10). Is 133/4 + 2/n prime?
False
Suppose -8*d = 4*d - 3468. Is d a prime number?
False
Let j(c) = 62*c + 4. Let o be j(3). Let h be (o - 0) + 0/2. Let q = h + -132. Is q prime?
False
Let c(r) = -r + 7. Let t be c(7). Suppose -8 = 4*p, p = 5*v - t - 7. Is 79 + 0 + 1 - v composite?
False
Let w(d) = -d - 4. Let i be w(-7). Suppose 0 = -i*m + 534 + 135. Is m a prime number?
True
Let i(p) = -22*p**2 - 11*p - 1. Let b(d) = d**2 + 1. Let j(v) = -6*b(v) - i(v). Is j(4) a prime number?
False
Let q = 3102 + 1977. Is q a composite number?
True
Let b = 2 - 2. Suppose s - r - 55 = b, s + 2*r - r - 61 = 0. Is s a composite number?
True
Let z = 59 + -57. Let o = 65 + -21. Suppose -282 = -z*n - o. Is n a composite number?
True
Let p(r) = -r + 10. Let x be p(0). Suppose -4*n - n + 10 = 0. Is 1/n - x/(-4) prime?
True
Suppose -w = 2*a + 4 - 10, -2 = w - 2*a. Is 3 - (-41 + w/(-1)) a composite number?
True
Suppose -m + 5 = -2*i, -6*m + 3*m = 4*i + 15. Let c be -175*(m + 4)/3. Let k = -84 - c. Is k prime?
False
Let o = -4 - -7. Suppose 2*i + 3*i + 70 = 2*d, 0 = -o*d + 4*i + 105. Is d composite?
True
Suppose 0 = 2*s + 807 + 1011. Let m be (-2 - -2) + s*1. Is m/(-21) - (-6)/(-21) prime?
True
Let w = 5 + 0. Suppose -5*i + 1100 = -5*x, -2*i + 412 = -0*i + w*x. Suppose 4*n = -28 + i. Is n a composite number?
False
Suppose p = -f + 13 + 8, -f + 17 = -3*p. Suppose 0 = 2*g - 4*w + 2 - 16, -4*g + 78 = 2*w. Let r = g + f. Is r a composite number?
False
Is (9/3 - 224)*-1 composite?
True
Suppose -4*m - 5*b = -909, -5*m + 3*b + 1080 = -2*b. Is m composite?
True
Let h(s) = -34*s - 1. Is h(-6) a prime number?
False
Suppose 3*m - 1070 = -104. Suppose 0 = -0*x + 2*x - m. Is x a prime number?
False
Let s be -12*((-6)/(-2))/6. Let j(g) = g**2 + 4*g - 8. Is j(s) prime?
False
Let f(y) = y**2 + 2*y + 5. Let i be f(5). Suppose i = 5*c - 225. Is c a composite number?
False
Suppose 4*l + g - 17 - 1 = 0, l - 13 = 4*g. Let b = 10 + l. Is b a composite number?
True
Let g(a) = 143*a**2 - 4*a - 3. Let k be g(-2). Let j = -376 + k. Suppose j + 54 = 5*y. Is y a prime number?
False
Let a be (-2460)/(-22) + (-2)/(-11). Suppose 33 = -t + a. Is t prime?
True
Suppose 28 = u + 5. Let p = -6 + 4. Let g = u + p. Is g composite?
True
Suppose 20 = -2*v - 2*v - 4*g, 0 = 3*v + 4*g + 18. Let h = 2 - v. Suppose h*k - 495 = -179. Is k a prime number?
True
Let t be 3 + -2 + (1 - -2). Suppose 5*v = -t*o + 1271, -v - 2*o = -o - 255. Is v composite?
False
Suppose 4*w - 63 = -q + 234, 2*q = -2*w + 624. Is q prime?
True
Suppose m + 38 = 1. Suppose -4*b = -2*o - 2*b + 298, -5*o + 738 = 2*b. Let g = m + o. Is g composite?
True
Let r(q) = -q**2 - 8*q + 7. Suppose 6*f - f = -40. Is r(f) a prime number?
True
Is 15/20 + 4563/12 a prime number?
False
Let c be 19*(0 + -2 + 3). Let k = 84 - c. Is k composite?
True
Suppose -x = -5*x + 212. Suppose x + 41 = a. Is a a composite number?
True
Suppose 4*p = 3*p + 15. Let v = p - 6. Is 3/v*(-1 - -160) a prime number?
True
Suppose k = 16 + 333. Let c = k - -150. Is c composite?
False
Let p be (-2)/4*(-4 - -4). Suppose p = -q + 2*q - 95. Is q a prime number?
False
Let h be 21 + -3 + (-6)/(-3). Suppose -69 = -l + 3*a - a, -5*a = -h. Is l a prime number?
False
Let q = -3 + 6. Suppose -16 = 2*n + 3*b + 1, -3*n + 3*b - 3 = 0. Is (50/q)/(n/(-6)) prime?
False
Let r(t) = 4*t + 4*t**2 + 2 + 6*t**2 - 8*t**2 + 1. Let q be r(-2). Suppose -q*b + 5*j = -583, 5*b - 5*j - 416 - 549 = 0. Is b a composite number?
False
Suppose 320 + 1515 = -5*i. Let f = -118 - i. Is f a prime number?
False
Let l = 1 - -1. Suppose -v - 2*v + w = -227, w + 73 = v. Suppose 2*j + 3*t = 154, -j = -0*j - l*t - v. Is j prime?
False
Suppose 2*u - 653 - 693 = 0. Is u a prime number?
True
Suppose -6*r = -31 - 179. Is r a composite number?
True
Suppose -r - 4923 = -3*n - 3*r, 0 = 2*n + 5*r - 3282. Is n a composite number?
True
Suppose 993 = -0*q + 3*q. Is q a composite number?
False
Let g = 7 + -10. Let k(t) = -42*t - 5. Is k(g) a composite number?
True
Suppose 2*i = -3 + 15. Let s(c) be the second derivative of 9*c**3/2 - 5*c**2/2 + 4*c. Is s(i) composite?
False
Suppose -5*s + 8 = -4*b - 9, 0 = 4*s - 4. Is (-1)/b - 124/(-6) a composite number?
True
Let y(x) = -x + 4. Let j be y(4). Suppose j*m = -m + 35. Is m prime?
False
Suppose 4*p + 0*i - 20 = -2*i, p - 4*i + 13 = 0. Suppose -13 = s - 4*j, -5*s + 2*s - 9 = p*j. Let v(u) = u**2 + 3*u - 1. Is v(s) a composite number?
True
Let w be (-3)/(-1) - (-2 - -2). Suppose 5*h - 25 = 0, 5*t - 3*t + w*h - 129 = 0. Is t composite?
True
Let x = 275 - 195. Suppose u = -i + x, u + u + 3*i - 165 = 0. Is u/(-2 + 5) + 0 a composite number?
True
Let x = 4444 - 3039. Is x composite?
True
Is ((-170548)/10)/(-7) - 3/(-5) a composite number?
False
Let o = -6481 + 11214. Is o composite?
False
Suppose 0 = 2*c - c - 19. Is c composite?
False
Let u(w) = -424*w + 2. Let d(h) = -212*h + 1. Let x(v) = -11*d(v) + 6*u(v). Is x(-1) prime?
False
Let q(v) = -2*v - 14. Let h(r) = r + 13. Let s(z) = -3*h(z) - 2*q(z). Let d be s(11). Suppose d = -n + 11 - 0. Is n prime?
True
Let b = 81 - 5. Let t = -51 + b. Is t composite?
True
Let u(s) = s**3 + 12*s**2 - s - 7. Let x be u(-12). Suppose -3*y + 60 = 5*h, -x*h + 2*h + 69 = 4*y. Is y composite?
True
Suppose -5*p + 5*o + 286 - 1 = 0, 2*p = -o + 108. Is p prime?
False
Is 2/3*147/2 prime?
False
Let n be -2 + 24/3 - -2. Suppose v = 43 - n. Is v composite?
True
Let n = -23 - 117. Suppose 68 = -4*x + 864. Let v = x + n. Is v composite?
False
Let k be (3/2)/((-6)/(-8)). Suppose -k*n + 21 = n. Suppose 3*j - n*p - 389 = -2*p, -5*j = 5*p - 675. Is j prime?
False
Let g be ((-1544)/(-8))/(2/4). Let c = g + -129. Is c composite?
False
Is ((-5032)/12 - -2)*3/(-2) a composite number?
True
Let u = 1615 - 694. Is u a prime number?
False
Suppose -2292 = -5*h + 1193. Is h a composite number?
True
Suppose 2*k = 4*y + 3762, 5*k - 12497 = 3*y - 3085. Is k a composite number?
True
Suppose 2*m = 1033 - 179. Suppose 2*h + 10 = -0*h, -h = -2*r + m. Is r a prime number?
True
Let n(i) = -i**2 + 7*i - 3. Let r be n(6). Suppose r*p - 297 = -m - 43, -p + 68 = -3*m. Is p prime?
True
Let z = 2 - 